ulate the greatest common divisor of g and 306.
34
Let d = -16 + 27. Let q(r) = 11*r**2 - 3 + 3*r - 2*r - 2*r + 2*r. Let s be q(3). What is the greatest common factor of d and s?
11
Let y be (-7)/(21/18)*-48. Let c be (-2 - 8 - (-174)/15)*(-3 + 13). Calculate the highest common divisor of c and y.
16
Let d be -1 - -3 - (279 + 90)*(-2 - -1). Calculate the greatest common factor of d and 212.
53
Let a be ((-120)/(-105) - 1*2)/((-33)/4389). What is the highest common factor of a and 828?
6
Let q = 87 - 42. Let o = q + -45. Suppose 0 = -7*r + 2*r - p + 108, -r + 3*p + 12 = o. What is the greatest common factor of 14 and r?
7
Suppose 152*c + 6939 = 4*r + 149*c, 6981 = 4*r + 3*c. Calculate the highest common factor of 783 and r.
87
Suppose -4*j - 57 = 2*d - 5*j, 59 = -2*d + 3*j. Let g be (d/(-6))/(-7) - 4735/(-15). What is the highest common divisor of 5 and g?
5
Suppose -16088 = -5*g + 2*z, 5*z - z - 3200 = -g. Calculate the greatest common factor of 36 and g.
12
Suppose -5*h = -2*c + 740, -2*c + 6*h = 5*h - 740. What is the greatest common factor of 80 and c?
10
Suppose -8529 = -66*k - 3777. Calculate the highest common factor of 1644 and k.
12
Let u = 2078 + -1112. Let a = 981 - u. Calculate the greatest common factor of a and 15.
15
Let p(g) = -721*g - 2158. Let c be p(-3). Calculate the greatest common factor of 7235 and c.
5
Let g(r) = -9*r**2 + 339*r + 62. Let b be g(37). What is the greatest common factor of b and 3266?
142
Let g = -24014 + 24859. What is the greatest common factor of g and 25?
5
Let c(s) = -2*s**2 + 64*s - 487. Let u be c(16). What is the highest common divisor of u and 55?
5
Let x be -4 + -14*3/(-6) + 1. Let r be ((-64)/40)/x*3*-30. Let y be 2 - (2*-1 + -5). What is the highest common factor of y and r?
9
Let y(x) = -x**3 - 7*x**2 - 7*x + 16. Let k be y(-8). Suppose 4*n + 2*l - 288 = 0, -k = -2*n + 4*l - 7*l. What is the highest common divisor of 518 and n?
74
Let f(s) = -29*s**3 - 6*s - 11. Let o be f(-2). Suppose 0 = -7*k + 89 + o. What is the highest common factor of 115 and k?
23
Suppose -6*w - 615 = -198*w + 11865. What is the highest common divisor of w and 6149?
13
Let s be (364 - 6) + (2 - -1). Suppose 2*v + 185 = 7*v + b, 3*v - 94 = -4*b. Calculate the highest common factor of s and v.
19
Let o be 47 - (-3)/(2/(-2 - 0)). Suppose o*f - 71*f = -2700. What is the highest common factor of f and 80?
20
Let m be (828 - 1)/((-262)/7336*7/(-2)). Calculate the highest common divisor of 8 and m.
8
Let r be -12*9669/(-220) - (-9)/15. Calculate the highest common divisor of r and 64.
16
Let j(c) = 6*c**2 + c + 121. Let a be j(-10). What is the greatest common factor of a and 108?
9
Suppose -115*u - 40*u = -82770. What is the highest common divisor of u and 12?
6
Let i be 42934/30 - 4/30. Suppose -30*m + i = -3*m. Calculate the highest common factor of m and 848.
53
Let v = -5599 + 5817. Calculate the highest common factor of 9701 and v.
109
Let t be (3/2 - 308/(-56)) + 3. Calculate the greatest common divisor of 5765 and t.
5
Let y = 492 - 277. Suppose -3*m = 4*p - 298, 791*m = 792*m - p - 76. What is the greatest common factor of m and y?
43
Let h(p) = 2*p**3 - 8*p**2 + 8*p - 2. Let o be h(3). Suppose -450 = 2*k - o*y - 1354, 5*k - 2*y = 2244. What is the greatest common divisor of 14 and k?
14
Suppose 0 = 2*j - l + 2*l - 1, 4*l + 8 = -2*j. What is the greatest common factor of 41 and j?
1
Let u(s) = 6*s + 27. Suppose p + 83 = 3*f, -2*p = 4*f - 0*p - 104. Let b be u(f). Calculate the highest common divisor of b and 21.
21
Let w(r) = -8*r + 163. Let h be w(16). Calculate the greatest common factor of 50 and h.
5
Suppose -99 = -5*x - 4. Let c(y) = 11*y**2 - 6*y - 5. Let t be c(5). Let d be 1 + (t/4 - 4). Calculate the greatest common factor of x and d.
19
Suppose 0 = u + 5*c + 352, 0*u + 1476 = -4*u - 3*c. Let f = u + 782. What is the highest common factor of f and 10?
10
Let k be (-9)/6*(-44)/6. Suppose -k*y - 5*c = -8*y - 79, -5*y = 2*c - 138. What is the highest common factor of 49 and y?
7
Suppose 2*f - 10 = -4*j + 8, 18 = -j - 5*f. Let y be -3 + 0 - j/(49/(-2261)). Calculate the greatest common divisor of y and 20.
20
Let v(d) = -d**3 + 3*d**2 - 4*d. Let r be v(2). Let o be 0/(-4 + 5) - r. Let i be -11*(o + 0 - 6). Calculate the greatest common divisor of i and 33.
11
Let i be 1/14*26 + 1/7. Suppose -i*n - 12 = -32. Suppose -n*c + 14 = -9*c. Calculate the highest common factor of 112 and c.
14
Let q = 40569 - 33920. Calculate the greatest common factor of q and 436.
109
Let f(i) = 64*i**3 + 5*i + 1. Let d be f(2). Suppose -d = -9*o + 539. What is the highest common divisor of o and 59?
59
Let k = -114 + 139. Suppose 414 = -2*p + k*p. What is the greatest common divisor of 36 and p?
18
Suppose 17390 + 1767 = 344*x - 49987. What is the highest common factor of 3 and x?
3
Let h = -52 + 173. Let k(i) = 17*i + 181. Let s be k(-10). What is the highest common divisor of h and s?
11
Let u(s) = 385*s - 5292. Let h be u(14). Calculate the greatest common factor of h and 16954.
98
Let u(q) = q**3 + 11*q**2 - 17*q - 34. Let c be -28*(-4)/(-8) - (-6 - -3). Let y be u(c). What is the greatest common divisor of 9 and y?
9
Let y = -32382 - -34516. What is the highest common divisor of 3104 and y?
194
Let r(g) = -34*g - 3. Let x be r(-6). Let p(w) = 93*w + 375. Let u be p(-4). Calculate the greatest common divisor of x and u.
3
Let n(o) = 19*o**2 - 3*o - 1. Let x = 17 + -7. Suppose 5*w - 3*m + x = 0, -4*m = 3*w + 3 + 3. Let r be n(w). Calculate the highest common factor of r and 27.
27
Let t(c) = -13*c - 1709. Let q be t(-133). Calculate the greatest common divisor of q and 236.
4
Let o be (-3)/((-6)/(-8))*-296. Let k be ((-24)/4)/((-648)/3456). What is the highest common divisor of k and o?
32
Let i be (-1)/((-13)/2) - (26 - 98640/195). What is the highest common factor of 792 and i?
24
Let d(n) = -3*n**2 + 26*n + 6. Suppose 4*i + 168 = 3*k + 2*i, k + 5*i = 39. Let r = 62 - k. Let c be d(r). What is the greatest common factor of 2 and c?
2
Let z(v) be the second derivative of 11*v**3/6 - 3*v**2/2 - 38*v. Let n be z(3). Calculate the highest common factor of 570 and n.
30
Suppose 15*r = -14*r + 2*r + 405. Suppose -3*f + 68 = -112. What is the greatest common factor of r and f?
15
Let w = -108412 - -108440. Let b be 3474/8 - 2/8. What is the greatest common factor of w and b?
14
Suppose 0 = -37*g + 12050 + 10594. What is the highest common factor of 708 and g?
12
Let f = -77 - -83. Suppose u = f*u - 220. Suppose 0 = -2*y + 24 - 2. Calculate the greatest common factor of u and y.
11
Let x be 482/8 - (-5)/(-20). Suppose -6*r + 7*r - 5*w = -49, r = 3*w - 41. Let i(b) = b + 44. Let l be i(r). Calculate the greatest common factor of x and l.
15
Let j be 1*(2 + -1)/(14/(-28)) - -10. What is the greatest common divisor of j and 2792?
8
Suppose -19440 = -5*u - 15*u - 16*u. What is the highest common divisor of 390 and u?
30
Let t = 36 - 36. Suppose t = 4*i - 266 - 158. Let p = i + 44. What is the highest common divisor of p and 50?
50
Suppose -2*p = 5*t - 633, 0 = -p - 3*t - t + 312. Let d be p - ((-15)/((-6)/2) - 2). Let o = -141 + d. What is the highest common factor of o and 20?
20
Suppose -4 = 2*o - 20. Let y(s) = 3*s + 4. Suppose 6*j - 8 + 14 = 0. Let v be y(j). What is the greatest common factor of o and v?
1
Let o = 8374 - 7324. What is the greatest common divisor of 546 and o?
42
Let m(h) = -41*h - 23. Let o = 109 + -127. Let c be m(o). Calculate the greatest common factor of c and 65.
65
Suppose -5*m = g - 202, m + 4*g - 35 = 2*g. Suppose -50004 = -m*t - 11218. What is the greatest common divisor of 22 and t?
22
Let i(b) = b**3 + 31*b**2 + 18*b - 135. Let a be i(-13). What is the highest common divisor of a and 33?
33
Let m(r) = 3*r + 16*r**3 + 2*r**2 - 2*r**2 - 3 - 13*r**3 - 6*r**2. Let w be m(3). Calculate the greatest common factor of 132 and w.
33
Let i(g) = -g**3 + 8*g**2 - 3*g + 8. Let p be i(8). Let l(j) = -9*j - 52. Let c be l(p). Suppose 22 = -2*m + c. What is the greatest common divisor of m and 14?
7
Let i = -155 + 312. Let z = i + 15. Calculate the highest common divisor of z and 43.
43
Let v be 2 + -5 - ((-27)/(-18))/((-5)/5730). What is the highest common factor of v and 44?
44
Suppose 2*u = 6*u - 1456. Suppose -2*q + 